{"id":1957,"date":"2014-02-01T20:29:53","date_gmt":"2014-02-01T19:29:53","guid":{"rendered":"http:\/\/www.wineops.fi\/?page_id=1957"},"modified":"2014-02-06T16:33:50","modified_gmt":"2014-02-06T15:33:50","slug":"faq","status":"publish","type":"page","link":"https:\/\/www.wineops.fi\/?page_id=1957","title":{"rendered":"FAQ"},"content":{"rendered":"<p><strong>1\/ Qu&rsquo;est-ce que Wineops ?<\/strong><\/p>\n<p>Wineops c&rsquo;est une partie publication, libre d&rsquo;acc\u00e8s, sur l&rsquo;univers du vin et une partie service : cours de d\u00e9gustation, conseil \u00e0 l&rsquo;achat.<\/p>\n<p><strong>2\/ Qui peut recruter Wineops ?<\/strong><\/p>\n<p>Tout le monde ! Vous \u00eates un particulier ? Wineops est l\u00e0 pour vous, pour une animation oenologique entre amis, pour un cours organis\u00e9 dans votre ville&#8230; Vous \u00eates pro ? Wineops vous offre une formation, des s\u00e9ances de team-building autour du vin, anime des s\u00e9minaires.<\/p>\n<p><strong>3\/ Quels th\u00e8me de formation Wineops peut proposer ?<\/strong><\/p>\n<p>Les possibilit\u00e9s sont illimit\u00e9es. Quelques exemples de cours r\u00e9cemment donn\u00e9s :<\/p>\n<p>&#8211; D\u00e9gustation comparative de verres.<\/p>\n<p>&#8211; Le Sauvignon blanc en France et en Nouvelle-Z\u00e9lande<\/p>\n<p>&#8211; Le Riesling dans le monde<\/p>\n<p>&#8211; Les Terroirs de la Mosel (Allemagne)<\/p>\n<p>&#8211; Le vieillissement du vin, verticale \u00a01990-2009 en 8 vins.<\/p>\n<p><strong>4\/ O\u00f9 Wineops peut se d\u00e9placer ?<\/strong><\/p>\n<p>Wineops peut aller n&rsquo;importe o\u00f9, ou presque. Les tarifs des prestations varient en prenant compte des co\u00fbts de transport.<\/p>\n<p><strong>5\/ Dans quelle langues Wineops peut communiquer ?<\/strong><\/p>\n<p>Fran\u00e7ais et Anglais de mani\u00e8re courante. Pour le Finnois ou l&rsquo;Allemand, par exemple, des am\u00e9nagements sont possibles. Mais le vin, lui, est universel.<\/p>\n","protected":false},"excerpt":{"rendered":"<p>1\/ Qu&rsquo;est-ce que Wineops ? Wineops c&rsquo;est une partie publication, libre d&rsquo;acc\u00e8s, sur l&rsquo;univers du vin et une partie service<\/p>\n","protected":false},"author":1,"featured_media":0,"parent":0,"menu_order":0,"comment_status":"open","ping_status":"open","template":"","meta":{"_monsterinsights_skip_tracking":false,"_monsterinsights_sitenote_active":false,"_monsterinsights_sitenote_note":"","_monsterinsights_sitenote_category":0},"yoast_head":"<!-- This site is optimized with the Yoast SEO plugin v19.6.1 - https:\/\/yoast.com\/wordpress\/plugins\/seo\/ -->\n<title>FAQ - Wineops<\/title>\n<meta name=\"robots\" content=\"index, follow, max-snippet:-1, max-image-preview:large, max-video-preview:-1\" \/>\n<link rel=\"canonical\" href=\"https:\/\/www.wineops.fi\/?page_id=1957\" \/>\n<meta property=\"og:locale\" content=\"fr_FR\" \/>\n<meta property=\"og:type\" content=\"article\" \/>\n<meta property=\"og:title\" content=\"FAQ - Wineops\" \/>\n<meta property=\"og:description\" content=\"1\/ Qu&rsquo;est-ce que Wineops ? Wineops c&rsquo;est une partie publication, libre d&rsquo;acc\u00e8s, sur l&rsquo;univers du vin et une partie service\" \/>\n<meta property=\"og:url\" content=\"https:\/\/www.wineops.fi\/?page_id=1957\" \/>\n<meta property=\"og:site_name\" content=\"Wineops\" \/>\n<meta property=\"article:modified_time\" content=\"2014-02-06T15:33:50+00:00\" \/>\n<meta name=\"twitter:card\" content=\"summary\" \/>\n<meta name=\"twitter:label1\" content=\"Dur\u00e9e de lecture estim\u00e9e\" \/>\n\t<meta name=\"twitter:data1\" content=\"1 minute\" \/>\n<script type=\"application\/ld+json\" class=\"yoast-schema-graph\">{\"@context\":\"https:\/\/schema.org\",\"@graph\":[{\"@type\":\"WebPage\",\"@id\":\"https:\/\/www.wineops.fi\/?page_id=1957\",\"url\":\"https:\/\/www.wineops.fi\/?page_id=1957\",\"name\":\"FAQ - Wineops\",\"isPartOf\":{\"@id\":\"https:\/\/www.wineops.fi\/#website\"},\"datePublished\":\"2014-02-01T19:29:53+00:00\",\"dateModified\":\"2014-02-06T15:33:50+00:00\",\"breadcrumb\":{\"@id\":\"https:\/\/www.wineops.fi\/?page_id=1957#breadcrumb\"},\"inLanguage\":\"fr-FR\",\"potentialAction\":[{\"@type\":\"ReadAction\",\"target\":[\"https:\/\/www.wineops.fi\/?page_id=1957\"]}]},{\"@type\":\"BreadcrumbList\",\"@id\":\"https:\/\/www.wineops.fi\/?page_id=1957#breadcrumb\",\"itemListElement\":[{\"@type\":\"ListItem\",\"position\":1,\"name\":\"Accueil\",\"item\":\"https:\/\/www.wineops.fi\/\"},{\"@type\":\"ListItem\",\"position\":2,\"name\":\"FAQ\"}]},{\"@type\":\"WebSite\",\"@id\":\"https:\/\/www.wineops.fi\/#website\",\"url\":\"https:\/\/www.wineops.fi\/\",\"name\":\"Wineops\",\"description\":\"Your wine world.\",\"potentialAction\":[{\"@type\":\"SearchAction\",\"target\":{\"@type\":\"EntryPoint\",\"urlTemplate\":\"https:\/\/www.wineops.fi\/?s={search_term_string}\"},\"query-input\":\"required name=search_term_string\"}],\"inLanguage\":\"fr-FR\"}]}<\/script>\n<!-- \/ Yoast SEO plugin. -->","yoast_head_json":{"title":"FAQ - Wineops","robots":{"index":"index","follow":"follow","max-snippet":"max-snippet:-1","max-image-preview":"max-image-preview:large","max-video-preview":"max-video-preview:-1"},"canonical":"https:\/\/www.wineops.fi\/?page_id=1957","og_locale":"fr_FR","og_type":"article","og_title":"FAQ - Wineops","og_description":"1\/ Qu&rsquo;est-ce que Wineops ? Wineops c&rsquo;est une partie publication, libre d&rsquo;acc\u00e8s, sur l&rsquo;univers du vin et une partie service","og_url":"https:\/\/www.wineops.fi\/?page_id=1957","og_site_name":"Wineops","article_modified_time":"2014-02-06T15:33:50+00:00","twitter_card":"summary","twitter_misc":{"Dur\u00e9e de lecture estim\u00e9e":"1 minute"},"schema":{"@context":"https:\/\/schema.org","@graph":[{"@type":"WebPage","@id":"https:\/\/www.wineops.fi\/?page_id=1957","url":"https:\/\/www.wineops.fi\/?page_id=1957","name":"FAQ - Wineops","isPartOf":{"@id":"https:\/\/www.wineops.fi\/#website"},"datePublished":"2014-02-01T19:29:53+00:00","dateModified":"2014-02-06T15:33:50+00:00","breadcrumb":{"@id":"https:\/\/www.wineops.fi\/?page_id=1957#breadcrumb"},"inLanguage":"fr-FR","potentialAction":[{"@type":"ReadAction","target":["https:\/\/www.wineops.fi\/?page_id=1957"]}]},{"@type":"BreadcrumbList","@id":"https:\/\/www.wineops.fi\/?page_id=1957#breadcrumb","itemListElement":[{"@type":"ListItem","position":1,"name":"Accueil","item":"https:\/\/www.wineops.fi\/"},{"@type":"ListItem","position":2,"name":"FAQ"}]},{"@type":"WebSite","@id":"https:\/\/www.wineops.fi\/#website","url":"https:\/\/www.wineops.fi\/","name":"Wineops","description":"Your wine world.","potentialAction":[{"@type":"SearchAction","target":{"@type":"EntryPoint","urlTemplate":"https:\/\/www.wineops.fi\/?s={search_term_string}"},"query-input":"required name=search_term_string"}],"inLanguage":"fr-FR"}]}},"_links":{"self":[{"href":"https:\/\/www.wineops.fi\/index.php?rest_route=\/wp\/v2\/pages\/1957"}],"collection":[{"href":"https:\/\/www.wineops.fi\/index.php?rest_route=\/wp\/v2\/pages"}],"about":[{"href":"https:\/\/www.wineops.fi\/index.php?rest_route=\/wp\/v2\/types\/page"}],"author":[{"embeddable":true,"href":"https:\/\/www.wineops.fi\/index.php?rest_route=\/wp\/v2\/users\/1"}],"replies":[{"embeddable":true,"href":"https:\/\/www.wineops.fi\/index.php?rest_route=%2Fwp%2Fv2%2Fcomments&post=1957"}],"version-history":[{"count":0,"href":"https:\/\/www.wineops.fi\/index.php?rest_route=\/wp\/v2\/pages\/1957\/revisions"}],"wp:attachment":[{"href":"https:\/\/www.wineops.fi\/index.php?rest_route=%2Fwp%2Fv2%2Fmedia&parent=1957"}],"curies":[{"name":"wp","href":"https:\/\/api.w.org\/{rel}","templated":true}]}}